*c + 4 + 18*c + 2*c. Let b(x) = -7*n(x) + 5*t(x). List the prime factors of b(4).
7
Suppose 0 = k + 5*y - 66, -2*k - k - 3*y + 246 = 0. What are the prime factors of k?
2, 43
Suppose -26 = -5*l + 3*c + 13, 2*l = -c + 20. List the prime factors of l.
3
Let c be 18/8 - (-15)/20. Let g(l) = -l**3 + 3*l**2 + 3. List the prime factors of g(c).
3
Let p be ((-3)/2)/((-6)/8). Suppose -p*u = -35 - 15. Let j = u - 15. What are the prime factors of j?
2, 5
Let h be (4/(-16))/(2/(-232)). Let x = 57 - h. List the prime factors of x.
2, 7
Let h be (42/(-4))/((-3)/4). Suppose -59 = 3*v - h. Let l = v - -26. List the prime factors of l.
11
Suppose -2*g = 2*g + 5*o + 56, 14 = -g + 4*o. Let u be (-8)/(-28) - 472/g. Suppose -4*z - u = -n, -17 = 2*n - 5*n - 5*z. List the prime factors of n.
2, 7
List the prime factors of 13 - (-5 + (0 - -2)).
2
Suppose 3*u - 25 = -s, -2*u + 2 = -0*u - 3*s. Suppose -4*p + u = -f, -2*f - 5*p = -f - 20. Suppose f*i - 7 = 18. What are the prime factors of i?
5
Let d = 28 + -20. List the prime factors of d.
2
Let j = 606 + -275. What are the prime factors of j?
331
Let i = 1 - -1. List the prime factors of (42/(-15) + i)*-30.
2, 3
Let a = 88 + -56. Let j = a - 18. What are the prime factors of j?
2, 7
Suppose 46 = 2*n + 10. List the prime factors of n.
2, 3
Let d(c) = c**3 - 4*c**2 + 11*c + 10. List the prime factors of d(6).
2, 37
Let f(u) = 3*u**2 + 12*u + 8. What are the prime factors of f(-7)?
71
Suppose 1906 = 10*v + 206. List the prime factors of v.
2, 5, 17
Suppose 0 = -g + 3*w + w - 5, -5*g - 7 = -2*w. List the prime factors of g + 3 - -8*2.
2, 3
Let a(t) = t**3 - 2*t**2 - 2*t + 83. List the prime factors of a(0).
83
Suppose 3*u + u - 36 = 0. Suppose -4*j - 22 = -3*x, -u = 3*x + 3*j - 24. What are the prime factors of x?
2, 3
Let y(i) = -i**3 + 7*i - 8. Let n(h) = -h**2 - h + 1. Let l(g) = 3*n(g) + y(g). What are the prime factors of l(-5)?
5
Suppose 3*u + 2*x - 3 = 0, -6*x = -2*x - 12. What are the prime factors of u*(-5)/((-10)/(-36))?
2, 3
Let j be 2/7 - (-104)/28. Let k = j - 4. Suppose k = 5*f - 66 + 21. What are the prime factors of f?
3
Suppose -32 = -j + 65. List the prime factors of j.
97
Let p(k) = 3*k**3 - 4 - k**2 + 4*k - 4*k**3 + 4*k**2. List the prime factors of p(3).
2
Suppose -14*m + 11*m = -519. What are the prime factors of m?
173
Let l = -81 - -151. List the prime factors of l.
2, 5, 7
Let c be (-2)/(-3)*9/2. Let g(d) = -d**3 + 3*d**2 + 3*d - 2. Let j be g(c). Let p = 15 - j. List the prime factors of p.
2
Suppose -180 = 17*y - 21*y. List the prime factors of y.
3, 5
Let r(p) = p**3 + 23*p**2 + 6*p + 52. What are the prime factors of r(-22)?
2, 101
Let m be (-10)/(-3) - 8/(-12). Suppose c + 6 = m*c. What are the prime factors of c/(-3) - 68/(-12)?
5
Suppose -2036 = z - 3*z. What are the prime factors of z/26 - (-2)/(-13)?
3, 13
Let y(b) = -b + 18. Suppose t - p = 12, 0 = 3*t - 8*t + 3*p + 58. List the prime factors of y(t).
7
Let j be (-37)/3 + 1/3. List the prime factors of (j/(-15))/((-4)/(-70)).
2, 7
Let w(y) = -57*y - 43. What are the prime factors of w(-5)?
2, 11
Let h(s) = -s**3 - 5*s**2 - 4*s - 1. Let y be h(-3). Let c(n) = -n**3 - 7*n**2 - n + 4. What are the prime factors of c(y)?
11
Suppose -4*q + 12 = -16. Let k(j) = -j**2 + 6*j + 4. Let l be k(7). Let g = q + l. What are the prime factors of g?
2
Let s(z) be the second derivative of 3*z**5/20 + z**2/2 - 3*z. List the prime factors of s(1).
2
Let u = 53 + -5. List the prime factors of u.
2, 3
Let g(o) be the second derivative of o**4/12 + 29*o**2/2 + 5*o. What are the prime factors of g(0)?
29
Suppose g - 71 = 27. What are the prime factors of g?
2, 7
Suppose -y + 58 = -6. What are the prime factors of y?
2
Suppose -4*s + 9 = -27. What are the prime factors of s?
3
Let v(o) = 3*o**2 - 2*o. Let b(q) = -q**2 - 6*q + 2. Let r be b(-6). List the prime factors of v(r).
2
Suppose -k + 64 = 3*r - 0*r, -5*r = -2*k + 84. List the prime factors of k.
2, 13
Let o be (3 - 2)/(6/18). Suppose 0*n = -4*n - 4. What are the prime factors of 6 - (n + o + 0)?
2
Let l(w) = w**2 + 5*w + 8. Let r(y) = -y**3 - 7*y**2 - 4*y + 6. Let m be r(-6). What are the prime factors of l(m)?
2, 7
Suppose 13 = 5*y - 27. List the prime factors of y.
2
Let m(v) = 6*v - 1. Let o be m(1). Let n = o - -23. What are the prime factors of n?
2, 7
Let n(b) = -b**3 - 11*b**2 + 6*b - 12. Let k(j) = 3*j**3 + 23*j**2 - 11*j + 25. Let y(t) = -2*k(t) - 5*n(t). List the prime factors of y(8).
2, 5
Let o(j) = j + 1. Let q(a) = a**3 + 4*a**2 + 2*a + 2. Let v be q(-3). Let f(t) = -t - 6. Let x(i) = v*o(i) + f(i). List the prime factors of x(5).
19
Suppose -w = -2*c + 5, 4*w + 48 = -3*c + 17. Let d = 16 + w. List the prime factors of ((-6)/d)/(1/(-9)).
2, 3
Let s = -18 - -39. List the prime factors of s.
3, 7
What are the prime factors of (-30)/(-12)*(-396)/(-10)?
3, 11
Suppose -583 = -4*v + 405. List the prime factors of v.
13, 19
Suppose 5 + 139 = 4*q. Suppose 3*n + q = 5*n. Suppose 4*x - n = -3*s, x = 4*s - 0 - 5. List the prime factors of x.
3
Let t = -25 - -37. Suppose -4*m = 2*j, t = -3*j - 0*j. List the prime factors of m.
2
Let j(l) = -l**3 + 4*l**2 + 13*l - 7. Let m be j(6). List the prime factors of (m - (4 - 53)) + 3.
3, 17
Let t = -16 + 8. Let i = 6 + t. List the prime factors of -14*((-1)/i)/(-1).
7
Let r = 72 - 11. List the prime factors of r.
61
Let a(z) = 10*z - 4. Let n(g) = 20*g - 7. Let u(i) = -5*a(i) + 3*n(i). Let s be u(2). Let l = s - 12. What are the prime factors of l?
7
Let z be (-2)/(-8) + 456/(-32). Let u = 21 + z. What are the prime factors of u?
7
Let l(q) = -q**2 - q - 5. Let p be l(0). Let c = -7 - p. List the prime factors of 2/(-6)*(-32 - c).
2, 5
Let q = 3 + -7. Let f = -1 - q. List the prime factors of f.
3
Let v = -3 - -4. Let z be 2/(-2) - -6 - v. List the prime factors of (17/2)/(z/8).
17
Let u(r) = 2*r**2 - 7 - 3*r**2 + 6*r + 2*r**2. Let h be u(-6). Let x(t) = -t**2 - 7*t + 5. What are the prime factors of x(h)?
5
Let s = 4 + -4. Let o(k) = -6*k**3 + 5*k**2 + 11*k + 35. Let t(m) = -m**3 + m**2 + 2*m + 7. Let n(u) = -2*o(u) + 11*t(u). List the prime factors of n(s).
7
Let t be 0 + 0 + (-6)/3. List the prime factors of 20/t*(-3 - -1).
2, 5
Suppose 61 = c + 21. What are the prime factors of c?
2, 5
Suppose -5*b = -2*g + 2 - 18, 3*b + 3*g - 18 = 0. List the prime factors of (-6)/(-3)*14/b.
7
Suppose -17 = -3*p + 16. Suppose p*t = 9*t + 10. List the prime factors of t.
5
Suppose j + 3*j - 20 = 0. Suppose 13 = j*s - 2. List the prime factors of s.
3
Let k be 2*(-9)/(-6) + 0. Suppose 52 = -2*z - k*b - 14, z - 3*b = -51. What are the prime factors of -2*(z/(-2))/(-3)?
13
Let y = 92 + 5. List the prime factors of y.
97
Suppose 4*b + 7 = 31. Suppose -b - 72 = -3*z. List the prime factors of z.
2, 13
Let i(k) = -k + 12. Let j be i(9). Let a = -3 - j. What are the prime factors of (-16)/a*(-9)/(-6)?
2
Let d(y) = 2*y**2 + 3*y + 1. Suppose 6 - 2 = -2*w. Let v be d(w). Let n(s) = s**2 - s + 2. What are the prime factors of n(v)?
2
Let d(u) = u**3 - 6*u**2 + 5*u + 7. Let q be d(5). Let o = -1 + q. Suppose -v - c + o = -0*v, 0 = -v + c - 2. What are the prime factors of v?
2
Let k be (-1)/2*(-8)/4. Suppose -k = -i - 2. List the prime factors of 1/(0 - i/9).
3
Suppose 4*m = -18 - 30. Let y(u) = u**2 + 2. Let l be y(-4). Let n = m + l. List the prime factors of n.
2, 3
Suppose 0 = 4*z - 65 - 163. Let q = -40 + z. List the prime factors of q.
17
Suppose 2*f + 14 = -m, -5*m + 3*f = -2*m + 15. List the prime factors of 0 + 5/((-10)/m).
2
Let l(s) = 3*s - 7. Let m be l(3). Suppose -m*k = -3*p + 89, -k + 135 = 4*p + 9. What are the prime factors of p?
31
Let w(q) = -4*q**2 + 2*q**2 + 3*q**2 - 5 + 5*q. Let f be w(-5). Let m = f + 8. List the prime factors of m.
3
Let h = 6 + -4. Let f be 2 - (h - (-3)/(-3)). Let y = 3 + f. What are the prime factors of y?
2
Let t = 2 - 1. Let z be 2*(17 + t - -1). Suppose -5*p = -v + 26, 4*p = 4*v - z - 18. List the prime factors of v.
11
Suppose 0 = -2*l - 2*c + 134, -6 = 3*c - 0. What are the prime factors of l?
3, 23
Suppose -5*p = 4*y - 2*p - 5, -4*y - 5*p = -3. What are the prime factors of y?
2
Let u be -12*((-28)/16 - -1). List the prime factors of 1*(-9)/(u/(-20)).
2, 5
Let t(x) = x - 2. Let c be t(-4). Let u = c - 3. Let y = 19 + u. What are 